-15. What is the tens digit of l?
2
Let v be (2/5)/(5/50). Suppose 5*n = -4*l + 181, 0*l - v*l = -4*n - 208. What is the tens digit of l?
4
Suppose -4*f + 1845 = -3*h, 5*h = 9 - 4. What is the units digit of f?
2
Suppose -3*q - 2*q + 270 = 0. Let a be ((-380)/(-6))/(9 + 125/(-15)). Let y = a - q. What is the tens digit of y?
4
Let j = 788 + -683. What is the tens digit of j?
0
What is the thousands digit of 4 - (5 + (-3824 - 6))?
3
Suppose -9*r = -2115 - 3141. Suppose 2*m = 4*m + 8, 2*w = 2*m + r. What is the tens digit of w?
8
Let z(o) = 4*o**2 + 1. Let m be z(-1). Suppose -b + 3*b = 4*p + 4, -m*b + 5 = -5*p. What is the tens digit of 5369/117 - p/9?
4
Let o = 177 - 131. What is the units digit of o?
6
Suppose 3*m = 720 + 360. What is the units digit of m?
0
Let y be 27/45*(-5 + 0). Let x be (-24)/(-30)*390/y. Let k = -72 - x. What is the units digit of k?
2
Let c(w) = w**3 - 4*w**2 - 8*w + 7. Let z be c(5). Let f = z - -14. What is the units digit of f?
6
Suppose -51*x + 41*x + 5570 = 0. What is the units digit of x?
7
Let i = 33 + -19. Suppose -i + 2 = -4*o. Suppose -o*n = 18 - 156. What is the units digit of n?
6
Suppose -20*s + 18*s + 10 = 0. Suppose 467 + 303 = s*i. What is the tens digit of i?
5
Suppose 11450*n + 5554 = 11452*n. What is the hundreds digit of n?
7
Let u = 158 - -132. What is the tens digit of u?
9
Let s(y) = 108*y - 1. Let a be s(2). Suppose 385 = 5*h + 5*b, -4*h + 4*b + 85 = -a. What is the units digit of h?
6
Let q = -152 + 77. Let u = q + 153. What is the tens digit of u?
7
Suppose 0 = -8*s - 13*s + 36540. What is the units digit of s?
0
Let j(o) = 994*o**3 + 4*o - 4. What is the units digit of j(1)?
4
Let h = -13 + 20. Let s be 3*(h - 2/(-2)). Suppose 3*n + s = -0*i + 3*i, i + 5*n = -10. What is the units digit of i?
5
Let c = -319 - -588. What is the units digit of c?
9
What is the hundreds digit of ((-16)/36)/((-1)/3447)?
5
Let y be 3*15*1/9. Suppose 182 = 2*o + 3*m, 3*o - 274 = -y*m - 0*m. What is the units digit of o?
8
Suppose -14*i + 16*i - p = 2809, 5*i - 7000 = -2*p. What is the hundreds digit of i?
4
Suppose -3*m + 2*w - 3*w + 6096 = 0, 2*w = -m + 2027. What is the tens digit of m?
3
Let x(y) = -7*y. Let j be x(-2). Let n(k) = -3*k**2 + j + 4*k**2 + 3 + 12*k. What is the units digit of n(-13)?
0
Suppose -5*l - 18 = -11*l. Suppose 0 = -5*c - r + 134, -r - 112 = -4*c + l*r. What is the units digit of c?
7
Let h(x) be the first derivative of x**3/3 - 5*x**2/2 + 128*x - 8. What is the hundreds digit of h(0)?
1
Suppose 0 = 19*u - 35628 + 4905. What is the tens digit of u?
1
Let m be (-1)/1*(0 + -18). Let v = 36 - m. What is the tens digit of v?
1
Let w = -5 + 17. Let g(l) = -l**3 + 12*l**2 + 7. Let c be g(w). Let p(h) = -h**2 + 6*h + 22. What is the tens digit of p(c)?
1
Let f(h) = h**2 - h - 6. Suppose -11*y = -14*y. Let n be f(y). What is the units digit of (-3)/n + 399/6?
7
Let b(r) = -43*r + 134. What is the tens digit of b(-9)?
2
Let w = 28 - 26. Suppose z = -m + 211, -z - w*m + 221 = 13. What is the hundreds digit of z?
2
Suppose -2*n = 4*p - 3*n - 2674, 5*n = -4*p + 2686. What is the units digit of p?
9
Let z be 6/21 - 36/(-21). Suppose z*c - 28 = 4*c. What is the tens digit of (c/(-4))/((-1)/(-6))?
2
Let b = -222 + 822. What is the tens digit of b?
0
Suppose -7*u + 2275 = -6*u. What is the hundreds digit of u?
2
Let k be (27/63)/((-2)/(-14)). Suppose 5*l - 94 = -k*h + 210, 2*h = -3*l + 203. What is the units digit of h?
3
Suppose 5*h - 2*m - 24 = 9, 4*h + m - 29 = 0. Suppose 2*b + h*w + 60 = 3*w, 4*b + 98 = 3*w. Let p = b - -72. What is the units digit of p?
6
Let b be (-191)/(-1) - (3 - 0). Suppose 0 = 5*a - 4*w - b, a - 68 = -a + 4*w. What is the units digit of ((-10)/a)/(2/(-16))?
2
Let t(d) be the first derivative of -d**4/4 + 10*d**3/3 + 7*d**2/2 + 13*d - 37. What is the units digit of t(10)?
3
What is the units digit of (417/(-278))/(2/(-204))?
3
Let p = 119 - 117. Suppose 938 = p*x + 5*x. What is the tens digit of x?
3
Suppose 127 + 143 = -5*b. Let s be (b/7)/(21/(-98)). Suppose -x - n - s = -96, 2*x - 2*n - 112 = 0. What is the units digit of x?
8
Let v = -2304 - -3337. What is the hundreds digit of v?
0
Let k(p) be the third derivative of -37*p**6/60 - p**5/30 - p**4/12 - p**3/6 - 7*p**2. Let x be (-20)/4 + 8/2. What is the units digit of k(x)?
3
Suppose 30*z = 37*z - 1043. What is the tens digit of z?
4
Let h(c) = 35*c**2 - 6*c + 6. What is the units digit of h(-7)?
3
Let s(m) be the second derivative of 1/6*m**4 + 0 + 1/2*m**3 + 1/2*m**2 + 10*m - 27/10*m**5. What is the units digit of s(-1)?
4
Suppose 4*c = 5*u - 3, 4*c - c + 5*u = -46. Let w(y) = -3*y + 8. Let p(t) = -t + 1. Let k(z) = 4*p(z) - w(z). What is the units digit of k(c)?
3
Suppose 2*p - 13 = -3. Suppose -4*w + p*o + 306 = -w, 2*w - 217 = -o. What is the units digit of w?
7
Let p(s) = -1 + 2*s**2 + 2 + 4 - 4*s - s**3. Let o be p(2). What is the units digit of ((-16)/o)/((-16)/(-24))?
8
Let x(g) be the first derivative of g**3/3 + 2*g**2 - 2*g - 3. Let w be x(-4). What is the units digit of 5/w*(-156)/15?
6
What is the units digit of (1/((-10)/1096))/((-16)/120)?
2
Let x(h) = -168*h - 385. What is the tens digit of x(-4)?
8
Let v = -265 + 615. What is the tens digit of v?
5
Suppose -4*x = -3*x + t + 181, -3 = -3*t. Let p = x - -308. What is the units digit of p?
6
Let n(v) = -263*v - 75. What is the tens digit of n(-7)?
6
Suppose 5*h = 2*t + 9, -2 = 2*t + h + h. Let l(d) = -24*d - 4. What is the tens digit of l(t)?
4
Let o = 1193 - -262. What is the units digit of o?
5
Let g(i) = i**3 - 8*i**2 - 13*i + 8. What is the hundreds digit of g(13)?
6
Suppose -3*k - 5 = 5*j, -5*k - 5*j = 3 + 2. Let y = k + 1. What is the units digit of 7 - y/1*2?
5
Suppose 0 = 3*f - q - 1730, 3*f - 1354 = -2*q + 379. What is the units digit of f?
7
Let k(l) = -l**3 + 7*l**2 - 13*l - 8. Let n be k(6). What is the tens digit of (-4)/10 + (-2870)/n?
5
Suppose -2*p = -2, -4*f + 2*p = f - 1808. What is the tens digit of f?
6
Let h = 430 - 54. Suppose 5*o - 1155 = -5*b, 90 = 2*b + 4*o - h. What is the units digit of b?
9
Let t(a) = -a**3 + a**2 + 1. Let s(b) = 4*b**3 - 3*b**2 + b. Let f(l) = -s(l) - 3*t(l). Let w be f(0). What is the tens digit of w/6*2*-23?
2
Let p = -15 + 20. Suppose 2*o + 218 = 7*o - 4*w, p*o = -3*w + 204. Suppose 22 + o = 4*r. What is the units digit of r?
6
Let j be (-5)/(-10) + (-7)/(-2). Suppose 2*n = j*n - 10. Suppose 0 = -2*f + n*l + 10, 3*f + 8*l - 4*l = 61. What is the units digit of f?
5
Suppose -2*c - 2*a = -4*a - 8, 4*c + a - 6 = 0. Suppose 4*x - 6*z - 116 = -3*z, 3*x - 4*z - 94 = 0. Suppose c*n = 16 + x. What is the units digit of n?
1
Suppose -21*y = -16*y - 265. What is the units digit of y?
3
Let q = 5 + 52. Suppose o = 6*o - 35. Let v = q - o. What is the units digit of v?
0
Suppose -3*n = j - 68, -j + 25 - 3 = n. Let z = n - 13. What is the units digit of z?
0
Let u = 1713 - -74. What is the tens digit of u?
8
Let s = 1314 + -759. What is the tens digit of s?
5
Suppose 8 = 2*w - 36. Let k be w/4 - (-8)/(-16). Suppose 0*m - 155 = -k*y - 5*m, y = -3*m + 31. What is the units digit of y?
1
Suppose -2325*i - 15096 = -2331*i. What is the tens digit of i?
1
What is the tens digit of 12*3/(-6)*(-602 - -9)?
5
Let d be (80/(-15) + 1)/((-3)/81). Suppose 0 = -2*c + 399 - d. What is the hundreds digit of c?
1
Let n = -145 - -258. What is the hundreds digit of n?
1
Let t(r) = -r**3 - 5*r**2 - 18*r - 78. What is the tens digit of t(-10)?
0
Let w = -22 + 39. Suppose 0 = -2*q - 5*k + w, 3*q + k - 9 = -k. What is the units digit of q?
1
Let n = 4204 - -492. What is the thousands digit of n?
4
Let g = 374 - 594. Let d = -141 - g. What is the units digit of d?
9
Let u(z) be the second derivative of z**5/60 - z**4/12 - z**3/2 + 7*z**2/2 + 4*z. Let c(n) be the first derivative of u(n). What is the tens digit of c(-3)?
1
Suppose 2*q = 18 - 6. Let k = q + -5. What is the units digit of k?
1
Suppose i - 1 = 3*b - 3, 2*b + 4 = 0. Let d = -6 - i. Suppose 31 = q - d. What is the tens digit of q?
3
Suppose -q + 7 = 2. Suppose 2*s - 14 = -q*y, 2*y + 2*s - 8 = -0*y. Suppose -y*b = b + m - 29, 4*b - 42 = -2*m. What is the units digit of b?
8
Let s(g) = -g**3 + g**2 - 2*g + 266. Let o be s(0). Let x = o - 155. What is the hundreds digit of x?
1
Let r(a) 